lculate 9 + -7 + -8 - -10.
4
Evaluate 8 + -6 + 1 + -2 - 4.
-3
Calculate (5 - (10 + 1)) + 11 + 2.
7
What is 6 + (6 - 1) + -4?
7
Evaluate 4 - (-3 - 2) - 2.
7
Evaluate 14 + -14 - (6 + -2).
-4
5 + 2 - 3 - 2
2
What is -5 - (-3 + 4 - 9)?
3
Calculate (8 - 13) + 17 + -8.
4
What is the value of -9 + 3 + 6 + -4?
-4
What is the value of -8 + (-5 - (-3 - 1)) - -18?
9
Evaluate (68 - 63) + -7 + 2 + 0.
0
-2 - (3 - 0 - (-4 + 10))
1
Evaluate -3 - (0 + -8 + 6 + -2).
1
Calculate -2 + (-3 - -3) + -1 - -3.
0
What is the value of (10 - 7 - 6) + 6?
3
-11 + 5 - -3 - (-1 - -3)
-5
Calculate (1 - (6 + 0) - -5) + -4.
-4
What is the value of 5 - (-1 + 3 - (-1 - -5))?
7
What is (-4 - -2) + -3 - -10?
5
What is the value of (-1 - 0) + (23 - 29)?
-7
Evaluate 25 + -24 - (-1 - 3).
5
Evaluate -7 + 5 + -2 + (-15 - -12).
-7
-9 + 9 - (2 + 0 - 2)
0
16 - 21 - (-6 + 1)
0
(-2 - (-3 - 0)) + (-4 - -2)
-1
Calculate -2 + -6 + (0 - -3) - -2.
-3
What is the value of 2 + -2 + 16 + -17?
-1
8 - 2 - 4 - 3
-1
Calculate (-7 - -6 - -4) + (-6 - -1).
-2
-2 - -3 - (-8 - -7)
2
Calculate -1 - (-2 + 3) - (11 - 10).
-3
Calculate (1 - 2) + 4 - 3.
0
Evaluate (-6 - (-1 + -2)) + 4 + -1.
0
Evaluate -3 + 7 + -14 - (4 - 8).
-6
Calculate 1 + (0 - (-6 - -9)) + -2.
-4
Evaluate (0 + 2 - 0) + (-2 - -2).
2
What is -10 - (-4 - (7 + -7) - -4)?
-10
Evaluate -12 + (9 - 2) - -11.
6
Evaluate (-5 - -5) + (-7 - -1 - -15).
9
(4 - (15 + -12)) + -5 + -1
-5
6 + -1 - (11 - 6)
0
-9 + 17 + -8 + 2
2
-13 + 2 + 2 + 4 - -4
-1
Evaluate 2 - (-5 + 11 + -2).
-2
Evaluate (5 - 5) + (1 - 2).
-1
What is (-2 - -1) + (14 - (10 + -2))?
5
Evaluate (-2 - -6 - 8) + 1 - -5.
2
Calculate 9 + -2 + -6 - 4.
-3
(4 - 0) + -3 + 2 + 2
5
2 + -10 + 13 - (2 + 1)
2
(2 + 1 - (-18 + 21)) + -1
-1
What is the value of 8 + (1 - 7) + (5 - 3)?
4
What is 50 + -51 + 2 + 5?
6
What is the value of 1 + 3 + (-27 - -22)?
-1
Evaluate (0 - -1) + -35 + 33 - 3.
-4
Calculate 1 - -1 - 0 - (752 - 758).
8
Calculate 4 + 4 + (-1 - 2).
5
What is the value of -3 + 7 - 7 - 2?
-5
What is the value of (-3 - -2 - (-7 - -11)) + 2?
-3
Calculate (-18 - -12) + 10 - (1 + -6).
9
Calculate (2 - (9 - 0)) + 9 + 3.
5
Evaluate -4 + (0 + (-1 - -3) - 0).
-2
(1 - -1) + 13 + -20
-5
What is (2 - (-2 + 3) - 1) + -2?
-2
What is the value of -3 + 0 + 1 - (3 - 6)?
1
What is 2 + (7 - 3 - 10)?
-4
What is -1 - (-3 + (4 - (-5 - -11)))?
4
(2 + -1 - -1) + 44 + -47
-1
Calculate -19 - ((4 - 5) + -9).
-9
What is 0 + 1 + (-1 - 1)?
-1
Evaluate 4 + (-11 - -12) - 5.
0
What is the value of (-8 - -12) + 0 + 0 + -1?
3
What is the value of -8 - (-6 + 1 - (16 + -14))?
-1
-5 + 8 + (-6 - 2)
-5
Evaluate -146 + 143 - (-4 - 0).
1
What is -4 - (-1 + (-2 - 0))?
-1
-3 - (4 - (14 - 2))
5
What is the value of 18 + (-5 - (0 - (6 + -9)))?
10
What is (3 + -6 - -4) + -2?
-1
What is the value of -3 + 3 + -1 + 2 - 3?
-2
What is (15 - 8) + -3 + -1 - 1?
2
Calculate 0 + (1 - -4) + -1.
4
What is the value of 6 + (4 + 3 + -9 - 1)?
3
Evaluate 8 - ((2 - -2) + -1).
5
Evaluate (-8 - -3 - (0 + 0)) + 3.
-2
What is the value of 5 + (2 + -4 - -2)?
5
What is 7 - 1 - (3 - 1)?
4
Evaluate -1 + 0 + (5 - 9 - -8).
3
What is (13 - 12) + 1 + -2?
0
What is the value of -3 - (2 + (5 - (4 - -7)))?
1
-2 + 0 + (-4 - -6)
0
Calculate -2 + 5 + (78 - 77).
4
12 + 6 + (-25 - -12)
5
1 + -4 + 54 + -51
0
Calculate -17 + 20 + (0 - 0) + 1.
4
9 + (-25 - (-15 - -7))
-8
-1 + (2 - (-5 - -7))
-1
What is -5 + 0 + 9 + -4 + -4?
-4
What is the value of 7 + -5 + (7 - 12)?
-3
What is the value of (0 - -3) + -1 + -3 - -4?
3
What is the value of 4 - (16 + -12 + 6)?
-6
3 - (4 - (-3 - 0))
-4
Evaluate (1 - 2) + -4 + 8.
3
Calculate 6 - (7 + -3 + -3).
5
Calculate 3 + -8 + -2 + 3.
-4
What is the value of -4 + -2 + (-5 - -6)?
-5
-10 - (0 - -6 - 12)
-4
Evaluate 9 - (8 - (-9 - -6)).
-2
0 + -1 + -13 + 17
3
Evaluate (6 - (3 + 0)) + -1.
2
Evaluate (1 - 9 - -13) + -6.
-1
Evaluate -5 - (1 - ((5 - -5) + -7)).
-3
8 + -5 + 2 + -11
-6
What is the value of -2 - -4 - (-1 + -2 + 5)?
0
Evaluate -2 + 9 + (-4 - -3) - 3.
3
Evaluate 1 + (1 - (-1 + 6)).
-3
What is the value of -1 + (4 + -2 + 3 - 2)?
2
What is the value of -1 + -5 - (13 - (-5 - -23))?
-1
What is the value of (-3 - 1) + 9 + -10 + 2?
-3
-6 - (7 + -7) - (-8 - -1)
1
What is the value of -4 + (6 - 4) - 0 - -4?
2
What is (-1 + -2 - (4 - 3)) + 6?
2
Calculate 0 - ((0 + 3 - 1) + -2).
0
What is the value of -6 - -8 - (0 + -1) - 7?
-4
Evaluate 8 + (-12 - (1 + -9)) + -1.
3
What is the value of (5 - (7 - -4)) + (0 - 0)?
-6
Evaluate -4 - (13 + -10 - 5).
-2
(-6 - (3 - 15)) + -7
-1
Calculate 3 + (1 - 0) + -4 - 5.
-5
What is the value of -5 - (-3 - 2 - -1)?
-1
What is (0 - (-2 + 7)) + 2 + 3?
0
1 + (1 - (0 + 1))
1
Evaluate -16 - -16 - (2 - 1).
-1
Calculate -11 + (18 - 7) + 2.
2
What is 1 - (-1 - (-11 - (-9 - -5)))?
-5
Evaluate 8 - (24 - 8 - 2).
-6
What is 5 - (3 - -2 - 6) - 1?
5
5 + (-12 + 3 - -6) + -3
-1
What is the value of 5 - ((-1 - 2) + (-2 - -5))?
5
Calculate -21 - (-4 - 14) - (-7 + 0).
4
What is the value of -3 + 6 - 2 - (1 - -1)?
-1
(2 - -1) + (-9 - 10 - -12)
-4
-64 + 65 + (2 + -2 - -1)
2
What is (0 - -3 - 7) + 4?
0
Evaluate -2 + -5 + (1 - -3).
-3
What is the value of 6 + -10 - (1 - 11)?
6
What is the value of 0 - 8 - (1 + -4)?
-5
What is the value of 1 - (-1 - -3) - -2?
1
6 + 1 + -6 + -4
-3
(7 - (9 + 3)) + 12
7
Evaluate 129 + -136 + (1 - (1 - 0)).
-7
What is 1 + (6 - (2 - (-9 - -3)))?
-1
Calculate 1 + -6 - (-40 - -38).
-3
-1 - (1 - -1 - (-42 + 38))
-7
Evaluate 0 - (0 + -4 + -1 + 5).
0
What is the value of 6 + -4 + (3 - (3 - 2))?
4
Evaluate (2 - 1) + (-2 - 0) - -3.
2
14 + -4 + -4 - 6
0
Calculate -7 + (-8 - -8 - -2).
-5
Calculate 3 + 4 - (-5 - -3 - -6).
3
What is the value of (-5 + 3 - -6 - 3) + 1?
2
What is -6 - (-3 - 0 - (0 + -1))?
-4
What is 6 + -16 + 7 - (6 + -3)?
-6
Calculate (-7 - -9) + -5 + 1.
-2
What is the value of -1 - (-9 + (1 - -1)) - 3?
3
What is the value of -5 + -2 + 3 + 4?
0
(2 - 0) + 1 + -6
-3
What is -3 - 1 - (-4 - -21 - 12)?
-9
What is the value of -11 + -8 + 22 + -11?
-8
Evaluate -4 + (1 + -2 - -1).
-4
1 + 1 - (-26 + 34)
-6
10 - (5 - -2 - -5 - 6)
4
Evaluate 9 + (-2 - (1 - (2 - -1))).
9
What is the value of 2 - (1 - -1) - (-1 + 2)?
-1
(-9 + -19 - -5) + 14
-9
What is 6 - 8 - -8 - 11?
-5
Evaluate (2 - -1) + (0 - (13 + -15)).
5
-2 + 6 + -1 + -1 + 0
2
Evaluate 8 + (-7 + -1 - -2).
2
What is the value of 2 + (-2 - -1) + 0 + 3?
4
(5 - 1) + (-1 - (1 - -2))
0
77 + -73 + (1 - 3)
2
What is the value of (1 + 7 - 9) + 4?
3
What is the value of 6 + -18 + 11 + 7?
6
Calculate 2 + -1 + -1 + 3 - -1.
4
2 + 3 + -1 + -61 + 59
2
What is the value of 0 + -1 - -3 - (1 + -1)?
2
Calculate (4 - 1) + -9 + 2.
-4
-3 + 9 + (-5 - -5)
6
Calculate (-5 - -1) + -1 + 1.
-4
8 + (1 + -8 - -3)
4
7 + -2 + 13 + -18
0
5 + (0 + -2 + 5 - 4)
4
3 + (6 - 3) + -1 + -1
4
Calculate -13 + 16 + -3 + -3 + 10.
7
Calculate -2 + -1 - (5 + (-6 - 5)).
3
What is the value of -1 - (-2 - -8 - 6)?
-1
Evaluate 6 + -1 + -6 - (2 + 0).
-3
-6 + -1 + (2 - -1) - -5
1
What is the value of (13 - 6 - 6) + 2 - 4?
-1
What is the value of (5 - 3) + -9 + -38 + 45?
0
What is (-73 - -66) + 7 + 1?
1
Calculate -1 + 4 + -5 - -2.
0
Evaluate -3 + 0 + 2 + (-4 - -1).
-4
Calculate 13 + -14 + -6 - (-15 + 0).
8
Evaluate 3 - (19 + -6 - 8).
-2
What is 0 - (2 + 1) - (42 - 46)?
1
What is -12 + (11 - (-8 - -4))?
3
21 + -20 - (0 - 3)
4
-8 - (-7 - (4 - -2 - 9))
-4
38 + -34 - (2 + (-5 - -3))
4
-7 + -2 + -5 + 19
5
What is (8 - 4 - (-1 - 0)) + -2?
3
(0 - 0) + (-64 - -67)
3
Calculate 0 - (10 - -1) - (39 - 42).
-8
What is -3 - (3 + 1 + -4 - 2)?
-1
1 + 2 - (52 - 44)
-5
What is -2 - (3 + -9 - -10)?
-6
What is the value of -7 + (3 - (4 + -3))?
-5
Calculate -8 + -7 + 7 - -2.
-6
What is (-2 - -3) + (7 - (16 - 7))?
-1
What is the value of -9 - (-6 + 0) - 2?
-5
What is -5 + (-1 - (1 + -5 + 2))?
-4
1 + 6 - (-15 - -19)
3
Evaluate 4 - ((3 - (1 - 2)) + -3).
3
What is the value of -2 - (-3 + 5 + -8)?
4
8 - 2 - (-2 + 13)
-5
Evaluate (-10 - -2) + 12 - 0.
4
What is the value of (10 - 10 - 11) + 5?
-6
Calculate (7 - (11 + 2)) + 1.
-5
-1 - (-2 + -1) - -1
3
What is (1 - 2) + (-3 - (4 + -7))?
-1
(1 - 2) + (14 - (5 + 0))
8
12 + (-12 - (-4 - -11))
-7
0 + 5 - (5 + -5 - -3)
2
Evaluate -5 + (-9 - -14) + 0 + 4.
4
What is 2 - 3 - ((-10 - -4) + 4)?
1
Calculate (3 - (0 + 2)) + 3.
4
Calculate 10 + (-13 - -7) - 9.
-5
Calculate 2 + 0 + (-10 - (0 + -3)).
-5
What is 15 + -15 